[INFO] cloning repository https://github.com/OldWarrior3000/youchoose_test
[INFO] running `Command { std: "git" "-c" "credential.helper=" "-c" "credential.helper=/workspace/cargo-home/bin/git-credential-null" "clone" "--bare" "https://github.com/OldWarrior3000/youchoose_test" "/workspace/cache/git-repos/https%3A%2F%2Fgithub.com%2FOldWarrior3000%2Fyouchoose_test", kill_on_drop: false }`
[INFO] [stderr] Cloning into bare repository '/workspace/cache/git-repos/https%3A%2F%2Fgithub.com%2FOldWarrior3000%2Fyouchoose_test'...
[INFO] running `Command { std: "git" "rev-parse" "HEAD", kill_on_drop: false }`
[INFO] [stdout] b3b2238bd6406eccf42be736e6a0e350773116ba
[INFO] checking OldWarrior3000/youchoose_test against master#9610dfe5a9a731ced1ea4923ecbd0c57fe367898 for beta-170-4
[INFO] running `Command { std: "git" "clone" "/workspace/cache/git-repos/https%3A%2F%2Fgithub.com%2FOldWarrior3000%2Fyouchoose_test" "/workspace/builds/worker-5-tc1/source", kill_on_drop: false }`
[INFO] [stderr] Cloning into '/workspace/builds/worker-5-tc1/source'...
[INFO] [stderr] done.
[INFO] validating manifest of git repo https://github.com/OldWarrior3000/youchoose_test on toolchain 9610dfe5a9a731ced1ea4923ecbd0c57fe367898
[INFO] running `Command { std: CARGO_HOME="/workspace/cargo-home" RUSTUP_HOME="/workspace/rustup-home" "/workspace/cargo-home/bin/cargo" "+9610dfe5a9a731ced1ea4923ecbd0c57fe367898" "metadata" "--manifest-path" "Cargo.toml" "--no-deps", kill_on_drop: false }`
[INFO] started tweaking git repo https://github.com/OldWarrior3000/youchoose_test
[INFO] finished tweaking git repo https://github.com/OldWarrior3000/youchoose_test
[INFO] tweaked toml for git repo https://github.com/OldWarrior3000/youchoose_test written to /workspace/builds/worker-5-tc1/source/Cargo.toml
[INFO] crate git repo https://github.com/OldWarrior3000/youchoose_test already has a lockfile, it will not be regenerated
[INFO] running `Command { std: CARGO_HOME="/workspace/cargo-home" RUSTUP_HOME="/workspace/rustup-home" "/workspace/cargo-home/bin/cargo" "+9610dfe5a9a731ced1ea4923ecbd0c57fe367898" "fetch" "--manifest-path" "Cargo.toml", kill_on_drop: false }`
[INFO] running `Command { std: "docker" "create" "-v" "/var/lib/crater-agent-workspace/builds/worker-5-tc1/target:/opt/rustwide/target:rw,Z" "-v" "/var/lib/crater-agent-workspace/builds/worker-5-tc1/source:/opt/rustwide/workdir:ro,Z" "-v" "/var/lib/crater-agent-workspace/cargo-home:/opt/rustwide/cargo-home:ro,Z" "-v" "/var/lib/crater-agent-workspace/rustup-home:/opt/rustwide/rustup-home:ro,Z" "-e" "SOURCE_DIR=/opt/rustwide/workdir" "-e" "CARGO_TARGET_DIR=/opt/rustwide/target" "-e" "CARGO_HOME=/opt/rustwide/cargo-home" "-e" "RUSTUP_HOME=/opt/rustwide/rustup-home" "-w" "/opt/rustwide/workdir" "-m" "1610612736" "--user" "0:0" "--network" "none" "ghcr.io/rust-lang/crates-build-env/linux@sha256:19e73879b68f455e41552ea35293514db52ea292d993f571636dbffedb77a1ee" "/opt/rustwide/cargo-home/bin/cargo" "+9610dfe5a9a731ced1ea4923ecbd0c57fe367898" "metadata" "--no-deps" "--format-version=1", kill_on_drop: false }`
[INFO] [stdout] 8de0244ffa3b960d69b15fdc7b4b95ca2c4449f35b41db562aab9842ce17309c
[INFO] running `Command { std: "docker" "start" "-a" "8de0244ffa3b960d69b15fdc7b4b95ca2c4449f35b41db562aab9842ce17309c", kill_on_drop: false }`
[INFO] running `Command { std: "docker" "inspect" "8de0244ffa3b960d69b15fdc7b4b95ca2c4449f35b41db562aab9842ce17309c", kill_on_drop: false }`
[INFO] running `Command { std: "docker" "rm" "-f" "8de0244ffa3b960d69b15fdc7b4b95ca2c4449f35b41db562aab9842ce17309c", kill_on_drop: false }`
[INFO] [stdout] 8de0244ffa3b960d69b15fdc7b4b95ca2c4449f35b41db562aab9842ce17309c
[INFO] running `Command { std: "docker" "create" "-v" "/var/lib/crater-agent-workspace/builds/worker-5-tc1/target:/opt/rustwide/target:rw,Z" "-v" "/var/lib/crater-agent-workspace/builds/worker-5-tc1/source:/opt/rustwide/workdir:ro,Z" "-v" "/var/lib/crater-agent-workspace/cargo-home:/opt/rustwide/cargo-home:ro,Z" "-v" "/var/lib/crater-agent-workspace/rustup-home:/opt/rustwide/rustup-home:ro,Z" "-e" "SOURCE_DIR=/opt/rustwide/workdir" "-e" "CARGO_TARGET_DIR=/opt/rustwide/target" "-e" "CARGO_INCREMENTAL=0" "-e" "RUST_BACKTRACE=full" "-e" "RUSTFLAGS=--cap-lints=forbid" "-e" "RUSTDOCFLAGS=--cap-lints=forbid" "-e" "CARGO_HOME=/opt/rustwide/cargo-home" "-e" "RUSTUP_HOME=/opt/rustwide/rustup-home" "-w" "/opt/rustwide/workdir" "-m" "1610612736" "--user" "0:0" "--network" "none" "ghcr.io/rust-lang/crates-build-env/linux@sha256:19e73879b68f455e41552ea35293514db52ea292d993f571636dbffedb77a1ee" "/opt/rustwide/cargo-home/bin/cargo" "+9610dfe5a9a731ced1ea4923ecbd0c57fe367898" "check" "--frozen" "--all" "--all-targets" "--message-format=json", kill_on_drop: false }`
[INFO] [stdout] c189872d69704e4704238f8550e03109b441ca6302429110bcab838f57266aad
[INFO] running `Command { std: "docker" "start" "-a" "c189872d69704e4704238f8550e03109b441ca6302429110bcab838f57266aad", kill_on_drop: false }`
[INFO] [stderr]    Compiling libc v0.2.112
[INFO] [stderr]     Checking numtoa v0.1.0
[INFO] [stderr]     Checking unicode-segmentation v1.8.0
[INFO] [stderr]     Checking cassowary v0.3.0
[INFO] [stderr]     Checking termion v1.5.6
[INFO] [stderr]     Checking tui v0.16.0
[INFO] [stderr]     Checking youchoose_test v0.1.0 (/opt/rustwide/workdir)
[INFO] [stdout] error[E0433]: failed to resolve: use of undeclared crate or module `termion`
[INFO] [stdout]   --> src/main.rs:10:5
[INFO] [stdout]    |
[INFO] [stdout] 10 | use termion::{event::Key, input::MouseTerminal, raw::IntoRawMode, screen::AlternateScreen};
[INFO] [stdout]    |     ^^^^^^^ use of undeclared crate or module `termion`
[INFO] [stdout] 
[INFO] [stdout] 
[INFO] [stdout] error[E0433]: failed to resolve: use of undeclared crate or module `termion`
[INFO] [stdout]   --> src/main.rs:11:5
[INFO] [stdout]    |
[INFO] [stdout] 11 | use termion::event::Event;
[INFO] [stdout]    |     ^^^^^^^ use of undeclared crate or module `termion`
[INFO] [stdout] 
[INFO] [stdout] 
[INFO] [stdout] error[E0433]: failed to resolve: use of undeclared crate or module `termion`
[INFO] [stdout]   --> src/main.rs:12:5
[INFO] [stdout]    |
[INFO] [stdout] 12 | use termion::input::Events;
[INFO] [stdout]    |     ^^^^^^^ use of undeclared crate or module `termion`
[INFO] [stdout] 
[INFO] [stdout] 
[INFO] [stdout] error[E0432]: unresolved import `proc_macro`
[INFO] [stdout]  --> src/main.rs:9:5
[INFO] [stdout]   |
[INFO] [stdout] 9 | use proc_macro::Span;
[INFO] [stdout]   |     ^^^^^^^^^^ use of undeclared crate or module `proc_macro`
[INFO] [stdout] 
[INFO] [stdout] 
[INFO] [stdout] error[E0412]: cannot find type `StatefulList` in this scope
[INFO] [stdout]   --> src/main.rs:29:12
[INFO] [stdout]    |
[INFO] [stdout] 29 |     items: StatefulList<(&'a str, usize)>,
[INFO] [stdout]    |            ^^^^^^^^^^^^ not found in this scope
[INFO] [stdout] 
[INFO] [stdout] 
[INFO] [stdout] error[E0433]: failed to resolve: use of undeclared type `StatefulList`
[INFO] [stdout]   --> src/main.rs:36:20
[INFO] [stdout]    |
[INFO] [stdout] 36 |             items: StatefulList::with_items(vec![
[INFO] [stdout]    |                    ^^^^^^^^^^^^ use of undeclared type `StatefulList`
[INFO] [stdout] 
[INFO] [stdout] 
[INFO] [stdout] error[E0433]: failed to resolve: use of undeclared crate or module `termion`
[INFO] [stdout]   --> src/main.rs:10:5
[INFO] [stdout]    |
[INFO] [stdout] 10 | use termion::{event::Key, input::MouseTerminal, raw::IntoRawMode, screen::AlternateScreen};
[INFO] [stdout]    |     ^^^^^^^ use of undeclared crate or module `termion`
[INFO] [stdout] 
[INFO] [stdout] 
[INFO] [stdout] error[E0433]: failed to resolve: use of undeclared crate or module `termion`
[INFO] [stdout]   --> src/main.rs:11:5
[INFO] [stdout]    |
[INFO] [stdout] 11 | use termion::event::Event;
[INFO] [stdout]    |     ^^^^^^^ use of undeclared crate or module `termion`
[INFO] [stdout] 
[INFO] [stdout] 
[INFO] [stdout] error[E0433]: failed to resolve: use of undeclared crate or module `termion`
[INFO] [stdout]   --> src/main.rs:12:5
[INFO] [stdout]    |
[INFO] [stdout] 12 | use termion::input::Events;
[INFO] [stdout]    |     ^^^^^^^ use of undeclared crate or module `termion`
[INFO] [stdout] 
[INFO] [stdout] 
[INFO] [stdout] error[E0432]: unresolved import `proc_macro`
[INFO] [stdout]  --> src/main.rs:9:5
[INFO] [stdout]   |
[INFO] [stdout] 9 | use proc_macro::Span;
[INFO] [stdout]   |     ^^^^^^^^^^ use of undeclared crate or module `proc_macro`
[INFO] [stdout] 
[INFO] [stdout] 
[INFO] [stdout] error[E0412]: cannot find type `StatefulList` in this scope
[INFO] [stdout]   --> src/main.rs:29:12
[INFO] [stdout]    |
[INFO] [stdout] 29 |     items: StatefulList<(&'a str, usize)>,
[INFO] [stdout]    |            ^^^^^^^^^^^^ not found in this scope
[INFO] [stdout] 
[INFO] [stdout] 
[INFO] [stdout] error[E0433]: failed to resolve: use of undeclared type `StatefulList`
[INFO] [stdout]   --> src/main.rs:36:20
[INFO] [stdout]    |
[INFO] [stdout] 36 |             items: StatefulList::with_items(vec![
[INFO] [stdout]    |                    ^^^^^^^^^^^^ use of undeclared type `StatefulList`
[INFO] [stdout] 
[INFO] [stdout] 
[INFO] [stdout] error[E0599]: no method named `into_raw_mode` found for struct `Stdout` in the current scope
[INFO] [stdout]    --> src/main.rs:104:31
[INFO] [stdout]     |
[INFO] [stdout] 104 |     let stdout = io::stdout().into_raw_mode()?;
[INFO] [stdout]     |                               ^^^^^^^^^^^^^ method not found in `Stdout`
[INFO] [stdout]     |
[INFO] [stdout]    ::: /opt/rustwide/cargo-home/registry/src/index.crates.io-6f17d22bba15001f/termion-1.5.6/src/raw.rs:97:8
[INFO] [stdout]     |
[INFO] [stdout] 97  |     fn into_raw_mode(self) -> io::Result<RawTerminal<Self>>;
[INFO] [stdout]     |        ------------- the method is available for `Stdout` here
[INFO] [stdout]     |
[INFO] [stdout]     = help: items from traits can only be used if the trait is in scope
[INFO] [stdout] help: the following trait is implemented but not in scope; perhaps add a `use` for it:
[INFO] [stdout]     |
[INFO] [stdout] 1   + use termion::raw::IntoRawMode;
[INFO] [stdout]     |
[INFO] [stdout] 
[INFO] [stdout] 
[INFO] [stdout] error[E0599]: no method named `into_raw_mode` found for struct `Stdout` in the current scope
[INFO] [stdout]    --> src/main.rs:104:31
[INFO] [stdout]     |
[INFO] [stdout] 104 |     let stdout = io::stdout().into_raw_mode()?;
[INFO] [stdout]     |                               ^^^^^^^^^^^^^ method not found in `Stdout`
[INFO] [stdout]     |
[INFO] [stdout]    ::: /opt/rustwide/cargo-home/registry/src/index.crates.io-6f17d22bba15001f/termion-1.5.6/src/raw.rs:97:8
[INFO] [stdout]     |
[INFO] [stdout] 97  |     fn into_raw_mode(self) -> io::Result<RawTerminal<Self>>;
[INFO] [stdout]     |        ------------- the method is available for `Stdout` here
[INFO] [stdout]     |
[INFO] [stdout]     = help: items from traits can only be used if the trait is in scope
[INFO] [stdout] help: the following trait is implemented but not in scope; perhaps add a `use` for it:
[INFO] [stdout]     |
[INFO] [stdout] 1   + use termion::raw::IntoRawMode;
[INFO] [stdout]     |
[INFO] [stdout] 
[INFO] [stdout] 
[INFO] [stdout] error: aborting due to 7 previous errors
[INFO] [stdout] 
[INFO] [stdout] 
[INFO] [stdout] error: aborting due to 7 previous errors
[INFO] [stdout] 
[INFO] [stdout] 
[INFO] [stdout] Some errors have detailed explanations: E0412, E0432, E0433, E0599.
[INFO] [stdout] 
[INFO] [stdout] Some errors have detailed explanations: E0412, E0432, E0433, E0599.
[INFO] [stdout] 
[INFO] [stdout] For more information about an error, try `rustc --explain E0412`.
[INFO] [stdout] 
[INFO] [stdout] For more information about an error, try `rustc --explain E0412`.
[INFO] [stdout] 
[INFO] [stderr] error: could not compile `youchoose_test` (bin "youchoose_test") due to 8 previous errors
[INFO] [stderr] warning: build failed, waiting for other jobs to finish...
[INFO] [stderr] error: could not compile `youchoose_test` (bin "youchoose_test" test) due to 8 previous errors
[INFO] running `Command { std: "docker" "inspect" "c189872d69704e4704238f8550e03109b441ca6302429110bcab838f57266aad", kill_on_drop: false }`
[INFO] running `Command { std: "docker" "rm" "-f" "c189872d69704e4704238f8550e03109b441ca6302429110bcab838f57266aad", kill_on_drop: false }`
[INFO] [stdout] c189872d69704e4704238f8550e03109b441ca6302429110bcab838f57266aad
